 1 + -23)?
0
What is the value of -35 - (-44 + 38) - (-1 - 6)?
-22
What is (0 - 9) + -44 + 64?
11
Calculate 13 - (-12 - -33) - -5.
-3
1 - 7 - (-1 - (7 - 14 - -3))
-9
What is 19 - (-12 + 20 + 11)?
0
Evaluate -4 + (-16 - -26) + 0 + 14.
20
What is the value of -12 - ((2 - 12) + 13)?
-15
Calculate 20 + -5 + 5 + -9.
11
Evaluate (-10 - -6 - -7) + 6 + (13 - 13).
9
-14 + 17 + (-5 - 2)
-4
Evaluate -22 + 8 + 1 - (12 - 12).
-13
-15 + 22 + -36 + 31
2
-48 + 8 + 7 + 14
-19
9 + -2 - ((5 + -8 - -6) + -21)
25
What is the value of 0 + (-10 - -2) + -171 + 189?
10
Evaluate -14 + 3 - ((-6 - 3) + 8).
-10
-19 + (487 - 506) + 13 + 1
-24
Calculate -3 + 8 + (4 + 1 - (-47 - -44)).
13
What is the value of (0 - 2) + -1 + 3 + 25 + -28?
-3
What is the value of (-144 - -169) + (-12 - 0)?
13
What is 537 + -529 + (-1 - 0)?
7
Calculate -19 - (-2 + 18 + 0).
-35
Evaluate 26 + -21 - -18 - 13.
10
Evaluate 10 + (10 + -8 - 24).
-12
What is the value of -2 + -23 - (18 + -36 - -21 - -8)?
-36
What is 1 + -10 + (33 - 19)?
5
Evaluate 17 + 2 - -12 - 22.
9
1 + -8 + (1 - 2)
-8
-10 + -9 + (-3 - -35) + -27
-14
Evaluate 3 - (2 - 2 - 0) - (-297 - -309).
-9
-1207 - -1216 - (-1 + -1 + -1)
12
Evaluate 3 - (8 + (2 - 3)) - -15.
11
10 - 20 - -14 - 15
-11
Evaluate 13 + (-1 - ((5 - -1) + -5)).
11
Calculate 12 - ((-1 - -5) + 40 + -31).
-1
What is -7 - (-6 + (5 - 2) + (-11 - -3))?
4
What is the value of (1 - -3 - (14 + 18 + -33)) + 5?
10
What is the value of 3 - 11 - (-5 - (10 + 4))?
11
Evaluate (-8 - (13 + -27)) + (1 - 0) + 1.
8
What is the value of (-10 - -16) + (1 - 8) - (13 - 8)?
-6
What is the value of -7 - -14 - -1 - (-24 - 5)?
37
What is the value of (-39 - -40) + 5 + (-10 - 5)?
-9
Calculate 4 - (-32 - (-6 + -10 + 19) - -3).
36
Calculate 2 + -1 + (-5 - -10) - -8.
14
15 + 5 + -32 + 2
-10
Calculate 5 - (-6 + 6 - (-1 + (-4 - -3))).
3
Evaluate -13 + 20 + 3 + -6 + -2.
2
What is the value of -51 - -1 - (7 - (62 - 38))?
-33
What is the value of 1 - (-3 - (-13 + -12 + 28))?
7
-6 - (-10 - -19) - (16 - 17)
-14
Calculate 7 - (24 + -14 - 4).
1
12 + (11 - (-1 + 12)) - (5 + -1)
8
What is 3 + 0 + 72 + -71 + 7?
11
Calculate 46 + -50 + (1 - (-1 - -3) - -5).
0
Evaluate 466 + -452 - (20 - 0).
-6
What is 15 + (-10 + 4 - -21)?
30
What is 9 + -26 - -17 - (-14 - (3 + -3))?
14
-15 + 2 + 1 + (1 - 1) + 0
-12
Evaluate -5 + (-2 - (-4 - 15)).
12
Calculate 11 - (-10 + 31 + -1).
-9
-4 - -4 - (49 - 37 - (0 - -7))
-5
Calculate 20 + -4 + -1 + (-1 + 3 - -1).
18
What is (9 - 18 - -5) + 10?
6
Calculate (38 - 10 - 35) + 1 + -7.
-13
What is -67 + 78 + -3 + 0 + -4?
4
Evaluate 5 - (8 - (31 + -29 - (-3 + -1))).
3
What is (48 - 60) + 8 + 3 + 5?
4
Evaluate -26 + 9 + 5 + -6 + -5 + 11.
-12
What is the value of (43 - 20 - 38) + 1 + -12?
-26
Evaluate 2 + -14 + (3 - -11).
2
Evaluate -19 + -4 - -3 - (-11 - -8 - -11).
-28
Calculate (1 - 17) + 14 + 15.
13
What is 11 + -13 - -6 - (18 + 9)?
-23
Calculate (0 - 3) + 6 + (-49 - -23).
-23
Evaluate -1 + 3 + -2 - (5 - (10 + -15)).
-10
Evaluate 9 + 1 + (-5 - -5).
10
1 + 24 + -14 + -2
9
What is (2 + -6 - 0) + 957 + -947?
6
What is 28 + -12 + (-3 + -3 - -2) + -1?
11
Calculate 5 - (-2 + -2) - -3 - (1 - -4).
7
-9 + -12 + (-13 - -28)
-6
-5 - (-12 - (13 - (-3 + 10)))
13
Calculate -17 + (-8 - -1 - (-156 - -154)).
-22
Evaluate -7 + (-4 - -13) + 1 + -3.
0
Calculate (-3 + -37 - -44) + -2.
2
Calculate 17 - (33 - 30 - (-1 - -1) - -1).
13
What is -16 + 2 + (127 - 121)?
-8
Calculate (2 - (8 - 12) - 7) + 3 + -8.
-6
Calculate -14 - (-3 - (0 - (-8 + 11))).
-14
What is the value of 7 - 0 - (6 + (5 - 21))?
17
Calculate -2 + (-8 - (-8 + -4)) - -8.
10
Calculate 12 + (-29 - -18) + 1 + 2 + 4.
8
What is -130 - -122 - (-31 + -2)?
25
What is 16 + -37 - (-11 - 2)?
-8
What is the value of 9 - (24 + -4 + 10 + -10)?
-11
33 + -38 + (-4 - (0 + -2))
-7
What is the value of 1 - -13 - (382 + -382)?
14
What is the value of (31 - 28) + (1 + 1 - (17 + -4))?
-8
What is -5 - (8 + -15 - 0) - 0?
2
What is the value of -10 + (8 + 2 - (-1 - -5)) + -25?
-29
Calculate (-12 - -13 - 4) + -9.
-12
Calculate -7 - -11 - ((-5 - -13) + -4 + -4).
4
What is the value of (-10 + 14 - -2) + -3?
3
What is -6 + 0 + 2 + (21 - (66 - 29))?
-20
-11 + 8 + -14 + -16
-33
Evaluate (6 - 2) + (1 - -5).
10
Calculate (27 + -1 - (21 - 11)) + -3 + 1.
14
What is the value of -17 + 6 + 26 - 29?
-14
Calculate (-13 - (7 + -3)) + 5.
-12
What is (-1 - -3) + 5 + (-22 - -18) - 3?
0
What is 19 + -1 - (20 - (22 + -22 + 8))?
6
Calculate (-11 - 2) + 13 - 11.
-11
(21 - 37) + (-3 - -15)
-4
What is the value of 52 + (7 - 38 - 6)?
15
Calculate 14 + -14 + (-19 - -15) + (-1 - 1).
-6
Calculate -5 + 34 + -16 + -22.
-9
What is the value of -1 + (3 - (-6 + -9 + (-4 - -5)))?
16
What is (3 - (0 + 4)) + 17 + 0 + -5?
11
1 - (-35 - 1) - (-32 - (-111 + 77))
35
What is the value of -12 - ((7 - 5) + -17)?
3
Calculate -3 + 0 + 2 - (-15 + (-6 - -11)).
9
What is the value of (10 - 2) + -203 + 184?
-11
Evaluate (-6 - (3 - 11)) + (13 - (3 + -2)).
14
Calculate (18 + 3 - -1 - (-102 - -104)) + -10.
10
Calculate -13 + 4 + (0 - -1 - (39 - 37)).
-10
What is the value of 4 - (8 - ((13 - 1) + -3))?
5
-22 - -3 - (-20 + 1)
0
(-21 - 2) + 194 + -178
-7
What is -19 + 22 + -2 + 2 + -2?
1
What is 17 + 1 + (-14 - 0)?
4
19 + -3 + (-1 - 3) + 1 + 6
19
What is the value of (-21 - -7 - (2 - 19)) + -29 + -1?
-27
9 - (3 - (15 + -10 - 2))
9
What is 5 + 1 - (-3 - (-7 + (-10 - -15)))?
7
(0 - 0) + 1 + -38 + -16 + 53
0
-19 + -29 + 72 + -40
-16
What is 1 - -34 - ((25 - 1) + (-61 - -47))?
25
Evaluate -5 + ((-2 - -5) + 2 - (-57 + 62)).
-5
What is the value of (-8 - -4) + -32 + 20 + -4?
-20
Calculate 3 + (-1 - (6 + 6 + -8)) + 14.
12
What is 89 + -72 + -2 + -9 - 3?
3
Evaluate -2 + 12 - (69 + -66).
7
What is 17 + -59 + (-18 - -24) + 9?
-27
Calculate (1128 - 1094) + -1 + -28.
5
Evaluate 9 - (-2 - -7) - (-6 - 0).
10
6 + (13 - 33 - (0 - (4 + 3)))
-7
(-3 - -2) + -27 - (18 + -49 + 26)
-23
What is -3 + 5 + -10 + 227 + -203?
16
What is the value of 2 - (28 + -37 - ((-2 - 1) + 19))?
27
Calculate 0 + (0 - 0) + -4 + 4 + 2.
2
What is 0 + -24 - (120 + -138)?
-6
What is -15 + -1 - (-7 + 6)?
-15
What is the value of -15 + (19 - 4) + (-19 - -14)?
-5
137 + -140 - (-8 - 1)
6
What is (6 - 4) + -10 + 2 - (5 + -17)?
6
What is -5 + 2 - (-25 + 6 + -9 - -11)?
14
What is the value of (16 + -5 + -7 - (4 + -12)) + -1?
11
What is -21 + 17 - (-2 + -4 - (6 - 6))?
2
9 + (0 + -15 - -2)
-4
What is the value of 16 + ((0 - (1 - -6)) + 6 - 3)?
12
Evaluate (44 - 27) + (-9 - -26).
34
Evaluate -1 - (14 + 1) - -16.
0
(1 - (20 - 3)) + (-51 - -52)
-15
What is the value of -5 + (10 - 1) + (-48 - -30)?
-14
Evaluate 26 - (64 + -29) - 1.
-10
Calculate (-29 - -19) + -8 - -19.
1
What is the value of 8 + (4 - (-7 + 2 - -7))?
10
-9 + (7 + 3 - (-11 + -4 + 21))
-5
Calculate (7 - -7) + (-33 - -15).
-4
Evaluate -3 - (10 - 3 - -4) - 0 - 1.
-15
Evaluate 6 - (-21 - (5 - 13)).
19
Evaluate 546 - 532 - (-1 - -10).
5
What is -19 - (17 + -29 + 7)?
-14
What is (5 - (-1 - 2)) + -8 + -7 + 9?
2
-5 + (14 - -4 - 0 - (0 + 7))
6
What is the value of 1 - -28 - (-471 - -486)?
14
What is 3 - (6 + 2 + -7)?
2
What is the value of -29 + 3 + -66 + 67 + 0?
-25
(-19 - (2 + -3)) + 60 + 18 + -67
-7
Calculate 17 - (-10 - 7) - 3.
31
What is the value of (-34 + 30 - (-4 + 8)) + -1 + -2?
-11
Evaluate 29 + (27 - 64) + (19 - 0).
11
32 + (0 - (33 + -4))
3
Evaluate (14 - (7 + (-1 - -1))) + -6.
1
(4 - (8 + -3) - -4) + (1 - 13)
-9
(-3 + -5 + 4 - -1) + 2 - -9
8
19 - (-6 + -13 - -27)
11
What is the value of (6 - (14 - 26)) + -31?
-13
What is (12 - 7) + 15 + -24 - -26?
22
Calculate 0 + (17 - 57) + 61.
21
Calculate -1 - (-30 - (-5 + -7 - (-6 - 0))).
23
Calculate -12 + -20 + (-10 - -32).
-10
What is the value of (-1 - 3) + (3 - 50 - -60)?
9
Evaluate (5 - 6) + (-1 - -5).
3
What is the value of (-30 - (0 + -6)) + 7?
-17
Evaluate 18 + -29 + 4 + -1 + -1.
-9
Calculate (18 - (-11 - 10)) + -45.
-6
Calculate -18 + -38 + 21 - -19.
-16
111 + -128 - (-1 - (6 - -25))
15
Calculate 20 - (18 - (7 - 8)).
1
What is -2 + 12 - (10 - (16 + -11))?
5
What is the value of -23 + (-30 - -23) - -11?
-19
8 + -3 + -8 - 4 - (-5 - -2)
-4
Evaluate -1 - (5 - (2 - (-8 + 15))).
-11
Calculate -18 + (9 - -2 - (11 - (6 - 4))).
-16
19 + (-14 + 35 - 23)
17
Evaluate (-14 - 8) + 10 - -14.
2
Evaluate (1 - 24) + -9 + 20.
-12
What is 4 - ((6 - (16 + -7 + 1)) + -24)?
32
What is the